{"id":887,"date":"2018-08-31T13:14:12","date_gmt":"2018-08-31T16:14:12","guid":{"rendered":"https:\/\/ens9005-mza.infd.edu.ar\/sitio\/equipo-de-gestion\/"},"modified":"2024-10-22T20:12:49","modified_gmt":"2024-10-22T23:12:49","slug":"equipo-de-gestion","status":"publish","type":"page","link":"https:\/\/ens9005-infd.mendoza.edu.ar\/sitio\/equipo-de-gestion\/","title":{"rendered":"Equipo de Gesti\u00f3n"},"content":{"rendered":"<h1><span style=\"color: #003366;\">Gestionar es aprender&#8230;<\/span><\/h1>\n<h4>\u00a0 \u00a0 \u00a0 \u00a0 \u00a0 \u00a0 \u00a0 \u00a0 \u00a0 \u00a0 \u00a0Mirar la gesti\u00f3n institucional como un aprendizaje cotidiano nos permite posicionarnos \u00aba la par\u00bb.\u00bb A la par\u00bb del colega, \u00aba la par\u00bb del estudiante, \u00aba la par\u00bb de los compa\u00f1eros \u00abno docentes\u00bb y pensar a Nuestra Escuela como una gran \u00abcomunidad de aprendizaje\u00bb. Todos tenemos mucho que aprender y todos tenemos algo para ense\u00f1ar&#8230;<\/h4>\n<h4>\u00a0 \u00a0 \u00a0 \u00a0 \u00a0 \u00a0 \u00a0 \u00a0 \u00a0 \u00a0 \u00a0La gesti\u00f3n nunca es an\u00f3nima. Tiene nombre y apellido&#8230;<\/h4>\n<h4>\u00a0 \u00a0 \u00a0 \u00a0 \u00a0 \u00a0 \u00a0 \u00a0 \u00a0 \u00a0 \u00a0Este grupo de personas &#8211; todos docentes con muchos a\u00f1os de experiencia &#8211; somos quienes tenemos las responsabilidad y el placer de llevar adelante las acciones emanadas de los lineamientos pol\u00edticos institucionales compartidos.<\/h4>\n<table style=\"height: 1203px;\" border=\"0\" width=\"1024\" cellspacing=\"0\" cellpadding=\"2\">\n<colgroup>\n<col width=\"167\" \/>\n<col width=\"467\" \/> <\/colgroup>\n<tbody>\n<tr>\n<td width=\"167\"><\/td>\n<td bgcolor=\"#dff8be\" width=\"467\"><\/td>\n<\/tr>\n<tr>\n<td colspan=\"2\" width=\"639\"><\/td>\n<\/tr>\n<tr>\n<td width=\"167\">\n<h4 align=\"CENTER\"><img decoding=\"async\" loading=\"lazy\" src=\"https:\/\/ens9005-infd.mendoza.edu.ar\/sitio\/wp-content\/uploads\/2018\/08\/ferro-808x1000.jpg\" alt=\"\" width=\"808\" height=\"1000\" \/><\/h4>\n<\/td>\n<td bgcolor=\"#bee1ee\" width=\"467\">\n<h4 align=\"JUSTIFY\">\u00a0 \u00a0 \u00a0 \u00a0 \u00a0 \u00a0 \u00a0 \u00a0Mi nombre es Jos\u00e9 Luis Ferro. Soy Profesor de Qu\u00edmica y fui elegido Regente en Agosto de 2015 con la creaci\u00f3n del cargo. Soy de San Mart\u00edn, Provincia de Mendoza y estoy en la Escuela desde el a\u00f1o 2003.<\/h4>\n<\/td>\n<\/tr>\n<tr>\n<td colspan=\"2\" width=\"639\"><\/td>\n<\/tr>\n<tr>\n<td width=\"167\">\n<h3 align=\"CENTER\"><img decoding=\"async\" loading=\"lazy\" src=\"https:\/\/ens9005-infd.mendoza.edu.ar\/sitio\/wp-content\/uploads\/2018\/08\/rosales-822x1000.jpg\" alt=\"\" width=\"822\" height=\"1000\" \/><\/h3>\n<\/td>\n<td bgcolor=\"#f0d3f7\" width=\"467\">\n<h4 align=\"JUSTIFY\">\u00a0 \u00a0 \u00a0 \u00a0 \u00a0 \u00a0 \u00a0 \u00a0 Mi nombre es Ivana Rosales. Soy Profesora de Matem\u00e1tica y estoy a cargo de la Jefatura de Formaci\u00f3n Inicial. Soy de La Paz y estoy en la Escuela desde el a\u00f1o 2010.<\/h4>\n<\/td>\n<\/tr>\n<tr>\n<td colspan=\"2\" width=\"639\"><\/td>\n<\/tr>\n<tr>\n<td width=\"167\"><\/td>\n<td bgcolor=\"#eabeb7\" width=\"467\"><\/td>\n<\/tr>\n<\/tbody>\n<\/table>\n","protected":false},"excerpt":{"rendered":"<p>Gestionar es aprender&#8230; \u00a0 \u00a0 \u00a0 \u00a0 \u00a0 \u00a0 \u00a0 \u00a0 \u00a0 \u00a0 \u00a0Mirar la gesti\u00f3n institucional como un aprendizaje cotidiano nos permite posicionarnos \u00aba la par\u00bb.\u00bb A la par\u00bb del colega, \u00aba la par\u00bb del estudiante, \u00aba la par\u00bb de los compa\u00f1eros \u00abno docentes\u00bb y pensar a Nuestra Escuela como una gran \u00abcomunidad de &#8230; <a title=\"Equipo de Gesti\u00f3n\" class=\"read-more\" href=\"https:\/\/ens9005-infd.mendoza.edu.ar\/sitio\/equipo-de-gestion\/\" aria-label=\"More on Equipo de Gesti\u00f3n\">[+]<\/a><\/p>\n","protected":false},"author":163,"featured_media":0,"parent":0,"menu_order":0,"comment_status":"closed","ping_status":"closed","template":"","meta":[],"acf":[],"_links":{"self":[{"href":"https:\/\/ens9005-infd.mendoza.edu.ar\/sitio\/wp-json\/wp\/v2\/pages\/887"}],"collection":[{"href":"https:\/\/ens9005-infd.mendoza.edu.ar\/sitio\/wp-json\/wp\/v2\/pages"}],"about":[{"href":"https:\/\/ens9005-infd.mendoza.edu.ar\/sitio\/wp-json\/wp\/v2\/types\/page"}],"author":[{"embeddable":true,"href":"https:\/\/ens9005-infd.mendoza.edu.ar\/sitio\/wp-json\/wp\/v2\/users\/163"}],"replies":[{"embeddable":true,"href":"https:\/\/ens9005-infd.mendoza.edu.ar\/sitio\/wp-json\/wp\/v2\/comments?post=887"}],"version-history":[{"count":6,"href":"https:\/\/ens9005-infd.mendoza.edu.ar\/sitio\/wp-json\/wp\/v2\/pages\/887\/revisions"}],"predecessor-version":[{"id":1977,"href":"https:\/\/ens9005-infd.mendoza.edu.ar\/sitio\/wp-json\/wp\/v2\/pages\/887\/revisions\/1977"}],"wp:attachment":[{"href":"https:\/\/ens9005-infd.mendoza.edu.ar\/sitio\/wp-json\/wp\/v2\/media?parent=887"}],"curies":[{"name":"wp","href":"https:\/\/api.w.org\/{rel}","templated":true}]}}