{"id":857,"date":"2018-08-31T13:13:59","date_gmt":"2018-08-31T16:13:59","guid":{"rendered":"https:\/\/ens9005-mza.infd.edu.ar\/sitio\/departamentos\/"},"modified":"2024-10-22T20:10:43","modified_gmt":"2024-10-22T23:10:43","slug":"departamentos","status":"publish","type":"page","link":"https:\/\/ens9005-infd.mendoza.edu.ar\/sitio\/departamentos\/","title":{"rendered":"DEPARTAMENTOS"},"content":{"rendered":"<table class=\" aligncenter\" style=\"height: 636px;\" border=\"0\" width=\"817\" align=\"left\">\n<tbody>\n<tr>\n<td>\n<h4><\/h4>\n<h4><span style=\"color: #003366;\">\u00a0 \u00a0 \u00a0 \u00a0 \u00a0 \u00a0 \u00a0 JEFATURA DE EXTENSI\u00d3N Y CAPACITACI\u00d3N<\/span><\/h4>\n<p style=\"text-align: left;\">\n<\/td>\n<td style=\"text-align: left;\">Prof. Susana Cuello<\/p>\n<p>scuelloespineira@yahoo.com.ar<\/td>\n<\/tr>\n<tr>\n<td>\n<h4><\/h4>\n<h4><span style=\"color: #003366;\">\u00a0 \u00a0 \u00a0 \u00a0 \u00a0 \u00a0 \u00a0 \u00a0 \u00a0 \u00a0 \u00a0 \u00a0 \u00a0 \u00a0JEFATURA DE INVESTIGACI\u00d3N<\/span><\/h4>\n<p>PUBLICACIONES:<\/p>\n<ul>\n<li><a title=\"Evaluaci\u00f3n de Cultivares de duraznero,damasco y almendro\" href=\"upload\/Evaluacin%20de%20cultivares_IES_9005.pdf\" target=\"_blank\" rel=\"noopener\">Evaluaci\u00f3n de Cultivares&#8230;.<\/a><\/li>\n<li><a title=\"APLICANDO T\u00c9CNICAS DE INVESTIGACI\u00d3N ...\" href=\"upload\/T%E9cnicas_de_investigaci%F3n_en_la_secuencia__did%E1ctica.doc\" target=\"_blank\" rel=\"noopener\">Aplicando T\u00e9cnicas de Investigaci\u00f3n en la secuencia did\u00e1ctica: La observaci\u00f3n directa en las ciencias naturales<\/a>.\u00a0Lic \u00a0M.Laura Valente.<\/li>\n<li><a title=\"Las Mil u una plagas. El karma mendocino\" href=\"https:\/\/onedrive.live.com\/redir?resid=9FEE0569E2E953F6!768&amp;authkey=!ABmHEJ6or-bqpLs&amp;ithint=file%2cdocx\">\u00abLas mil y una Plagas. El Karma mendocino\u00bb<\/a><\/li>\n<\/ul>\n<p>(S\u00edntesis del libro). Autor: Gustavo\u00a0 \u00a0\u00a0\u00a0\u00a0\u00a0\u00a0 Capone<\/p>\n<p><a title=\"Investigaci\u00f3n\" href=\"https:\/\/www.facebook.com\/investigacion9005\">\u00a0 \u00a0 \u00a0 \u00a0M\u00e1s informaci\u00f3n en facebook(click)<\/a><\/td>\n<td>\u00a0Lic. Laura Valente<\/p>\n<div id=\"fldv_personalEmail\">\n<div>Correo:\u00a0\u00a0\u00a0\u00a0\u00a0 lauvm@yahoo.com.ar<\/div>\n<\/div>\n<\/td>\n<\/tr>\n<tr>\n<td>\n<h4><span style=\"color: #003366;\">\u00a0 \u00a0 \u00a0 \u00a0 \u00a0 \u00a0 \u00a0 \u00a0 \u00a0 \u00a0 \u00a0 \u00a0 \u00a0JEFATURA\u00a0 DE FORMACI\u00d3N INICIAL<\/span><\/h4>\n<\/td>\n<td>\u00a0Prof. Ivana Rosales<\/p>\n<p>ivanarosales8791@hotmail.com<\/td>\n<\/tr>\n<\/tbody>\n<\/table>\n","protected":false},"excerpt":{"rendered":"<p>\u00a0 \u00a0 \u00a0 \u00a0 \u00a0 \u00a0 \u00a0 JEFATURA DE EXTENSI\u00d3N Y CAPACITACI\u00d3N Prof. Susana Cuello scuelloespineira@yahoo.com.ar \u00a0 \u00a0 \u00a0 \u00a0 \u00a0 \u00a0 \u00a0 \u00a0 \u00a0 \u00a0 \u00a0 \u00a0 \u00a0 \u00a0JEFATURA DE INVESTIGACI\u00d3N PUBLICACIONES: Evaluaci\u00f3n de Cultivares&#8230;. Aplicando T\u00e9cnicas de Investigaci\u00f3n en la secuencia did\u00e1ctica: La observaci\u00f3n directa en las ciencias naturales.\u00a0Lic \u00a0M.Laura Valente. \u00abLas mil &#8230; <a title=\"DEPARTAMENTOS\" class=\"read-more\" href=\"https:\/\/ens9005-infd.mendoza.edu.ar\/sitio\/departamentos\/\" aria-label=\"More on DEPARTAMENTOS\">[+]<\/a><\/p>\n","protected":false},"author":163,"featured_media":0,"parent":0,"menu_order":0,"comment_status":"closed","ping_status":"closed","template":"","meta":[],"acf":[],"_links":{"self":[{"href":"https:\/\/ens9005-infd.mendoza.edu.ar\/sitio\/wp-json\/wp\/v2\/pages\/857"}],"collection":[{"href":"https:\/\/ens9005-infd.mendoza.edu.ar\/sitio\/wp-json\/wp\/v2\/pages"}],"about":[{"href":"https:\/\/ens9005-infd.mendoza.edu.ar\/sitio\/wp-json\/wp\/v2\/types\/page"}],"author":[{"embeddable":true,"href":"https:\/\/ens9005-infd.mendoza.edu.ar\/sitio\/wp-json\/wp\/v2\/users\/163"}],"replies":[{"embeddable":true,"href":"https:\/\/ens9005-infd.mendoza.edu.ar\/sitio\/wp-json\/wp\/v2\/comments?post=857"}],"version-history":[{"count":9,"href":"https:\/\/ens9005-infd.mendoza.edu.ar\/sitio\/wp-json\/wp\/v2\/pages\/857\/revisions"}],"predecessor-version":[{"id":1975,"href":"https:\/\/ens9005-infd.mendoza.edu.ar\/sitio\/wp-json\/wp\/v2\/pages\/857\/revisions\/1975"}],"wp:attachment":[{"href":"https:\/\/ens9005-infd.mendoza.edu.ar\/sitio\/wp-json\/wp\/v2\/media?parent=857"}],"curies":[{"name":"wp","href":"https:\/\/api.w.org\/{rel}","templated":true}]}}