{"id":1642,"date":"2021-12-24T01:05:41","date_gmt":"2021-12-24T04:05:41","guid":{"rendered":"https:\/\/ens9005-infd.mendoza.edu.ar\/sitio\/?page_id=1642"},"modified":"2025-05-17T20:27:17","modified_gmt":"2025-05-17T23:27:17","slug":"destacados","status":"publish","type":"page","link":"https:\/\/ens9005-infd.mendoza.edu.ar\/sitio\/destacados\/","title":{"rendered":"DESTACADOS"},"content":{"rendered":"\n<p>05\/2025- Mesa socioeducativa: en las instalaciones del IES 9005 Fidela Amparan el d\u00eda viernes 16 de mayo se llev\u00f3 a cabo la mesa socioeducativa con referentes de la comunidad pace\u00f1a, directivos, estudiantes y profesores de las carreras de PEE y PEP con el fin de tratar sobre problem\u00e1ticas socio comunitarios y realizar acuerdos de acciones de mejora en conjunto dentro del marco de AySS.<br>Se acord\u00f3 conformar entornos de trabajo enriquecedores, para la elaboraci\u00f3n de propuestas, charlas, talleres, encuentros de retroalimentaci\u00f3n, favoreciendo la educaci\u00f3n inclusiva, participaci\u00f3n activa de los estudiantes y el acompa\u00f1amiento de los profesores del IES 9-005.<br>Estuvieron presentes, el Dr. Veterinario N\u00e9stor Gimenez presidente y la Doctora Sosa vicepresidenta del centro de Equinoterapia \u00abBrillar\u00e1n sus huellas\u00bb.Aixa Moreno Directora de Desarrollo Social,Cinthia Ochoa Directora del Hogar adultos mayores y Pamela Silva Directora de CER. El Director de Educaci\u00f3n de la Municipalidad de La Paz Prof. Joselo Gim\u00e9nez, la Directora de Desarrollo Social Sra. Aixa Moreno.<\/p>\n\n\n\n<ul class=\"wp-block-social-links is-layout-flex\"><li class=\"wp-social-link wp-social-link-instagram wp-block-social-link\"><a href=\"https:\/\/www.instagram.com\/p\/DJxKQ0YxqKB\/?img_index=2&#038;igsh=YWZjMGpxNHZibnA1\" class=\"wp-block-social-link-anchor\"><svg width=\"24\" height=\"24\" viewBox=\"0 0 24 24\" version=\"1.1\" xmlns=\"http:\/\/www.w3.org\/2000\/svg\" aria-hidden=\"true\" focusable=\"false\"><path d=\"M12,4.622c2.403,0,2.688,0.009,3.637,0.052c0.877,0.04,1.354,0.187,1.671,0.31c0.42,0.163,0.72,0.358,1.035,0.673 c0.315,0.315,0.51,0.615,0.673,1.035c0.123,0.317,0.27,0.794,0.31,1.671c0.043,0.949,0.052,1.234,0.052,3.637 s-0.009,2.688-0.052,3.637c-0.04,0.877-0.187,1.354-0.31,1.671c-0.163,0.42-0.358,0.72-0.673,1.035 c-0.315,0.315-0.615,0.51-1.035,0.673c-0.317,0.123-0.794,0.27-1.671,0.31c-0.949,0.043-1.233,0.052-3.637,0.052 s-2.688-0.009-3.637-0.052c-0.877-0.04-1.354-0.187-1.671-0.31c-0.42-0.163-0.72-0.358-1.035-0.673 c-0.315-0.315-0.51-0.615-0.673-1.035c-0.123-0.317-0.27-0.794-0.31-1.671C4.631,14.688,4.622,14.403,4.622,12 s0.009-2.688,0.052-3.637c0.04-0.877,0.187-1.354,0.31-1.671c0.163-0.42,0.358-0.72,0.673-1.035 c0.315-0.315,0.615-0.51,1.035-0.673c0.317-0.123,0.794-0.27,1.671-0.31C9.312,4.631,9.597,4.622,12,4.622 M12,3 C9.556,3,9.249,3.01,8.289,3.054C7.331,3.098,6.677,3.25,6.105,3.472C5.513,3.702,5.011,4.01,4.511,4.511 c-0.5,0.5-0.808,1.002-1.038,1.594C3.25,6.677,3.098,7.331,3.054,8.289C3.01,9.249,3,9.556,3,12c0,2.444,0.01,2.751,0.054,3.711 c0.044,0.958,0.196,1.612,0.418,2.185c0.23,0.592,0.538,1.094,1.038,1.594c0.5,0.5,1.002,0.808,1.594,1.038 c0.572,0.222,1.227,0.375,2.185,0.418C9.249,20.99,9.556,21,12,21s2.751-0.01,3.711-0.054c0.958-0.044,1.612-0.196,2.185-0.418 c0.592-0.23,1.094-0.538,1.594-1.038c0.5-0.5,0.808-1.002,1.038-1.594c0.222-0.572,0.375-1.227,0.418-2.185 C20.99,14.751,21,14.444,21,12s-0.01-2.751-0.054-3.711c-0.044-0.958-0.196-1.612-0.418-2.185c-0.23-0.592-0.538-1.094-1.038-1.594 c-0.5-0.5-1.002-0.808-1.594-1.038c-0.572-0.222-1.227-0.375-2.185-0.418C14.751,3.01,14.444,3,12,3L12,3z M12,7.378 c-2.552,0-4.622,2.069-4.622,4.622S9.448,16.622,12,16.622s4.622-2.069,4.622-4.622S14.552,7.378,12,7.378z M12,15 c-1.657,0-3-1.343-3-3s1.343-3,3-3s3,1.343,3,3S13.657,15,12,15z M16.804,6.116c-0.596,0-1.08,0.484-1.08,1.08 s0.484,1.08,1.08,1.08c0.596,0,1.08-0.484,1.08-1.08S17.401,6.116,16.804,6.116z\"><\/path><\/svg><span class=\"wp-block-social-link-label screen-reader-text\">Instagram<\/span><\/a><\/li><\/ul>\n\n\n\n<figure class=\"wp-block-image size-full\"><img decoding=\"async\" loading=\"lazy\" width=\"1080\" height=\"784\" src=\"https:\/\/ens9005-infd.mendoza.edu.ar\/sitio\/wp-content\/uploads\/2025\/05\/Screenshot_20250517-202520.png\" alt=\"\" class=\"wp-image-2051\" srcset=\"https:\/\/ens9005-infd.mendoza.edu.ar\/sitio\/wp-content\/uploads\/2025\/05\/Screenshot_20250517-202520.png 1080w, https:\/\/ens9005-infd.mendoza.edu.ar\/sitio\/wp-content\/uploads\/2025\/05\/Screenshot_20250517-202520-1000x726.png 1000w, https:\/\/ens9005-infd.mendoza.edu.ar\/sitio\/wp-content\/uploads\/2025\/05\/Screenshot_20250517-202520-768x558.png 768w\" sizes=\"(max-width: 1080px) 100vw, 1080px\" \/><\/figure>\n\n\n\n<p>_____________________________<\/p>\n\n\n\n<p><\/p>\n\n\n\n<p><\/p>\n\n\n\n<p>2021 &#8211; El IES 9-005 Fidela Ampar\u00e1n articul\u00f3 durante el a\u00f1o 2021 con el IES 9-027 de Guaymall\u00e9n&nbsp; y la Fundaci\u00f3n Pulso Educativo para realizar el ciclo de conversatorios \u201cResignificar las pr\u00e1cticas docentes en los contextos actuales\u201d destinado a estudiantes de educaci\u00f3n superior, docentes, supervisores, etc.Los mismos tuvieron como invitadas para la apertura a la profesora Mar\u00eda In\u00e9s Abrile de Wolmer y para el cierre a la Mag. Silvana Corso, entre otras especialistas.Compartimos el \u00faltimo conversatorio que se realiz\u00f3 en diciembre con la tem\u00e1tica: La planificaci\u00f3n Did\u00e1ctica desde el Dise\u00f1o Universal de Aprendizajes.<\/p>\n\n\n\n<figure class=\"wp-block-embed is-type-video is-provider-youtube wp-block-embed-youtube wp-embed-aspect-16-9 wp-has-aspect-ratio\"><div class=\"wp-block-embed__wrapper\">\n<iframe loading=\"lazy\" title=\"La planificaci\u00f3n did\u00e1ctica desde el Dise\u00f1o Universal de Aprendizajes.\" width=\"1200\" height=\"675\" src=\"https:\/\/www.youtube.com\/embed\/09enT8mr6GU?feature=oembed\" frameborder=\"0\" allow=\"accelerometer; autoplay; clipboard-write; encrypted-media; gyroscope; picture-in-picture; web-share\" referrerpolicy=\"strict-origin-when-cross-origin\" allowfullscreen><\/iframe>\n<\/div><\/figure>\n\n\n\n<p><\/p>\n\n\n\n<p><\/p>\n","protected":false},"excerpt":{"rendered":"<p>05\/2025- Mesa socioeducativa: en las instalaciones del IES 9005 Fidela Amparan el d\u00eda viernes 16 de mayo se llev\u00f3 a cabo la mesa socioeducativa con referentes de la comunidad pace\u00f1a, directivos, estudiantes y profesores de las carreras de PEE y PEP con el fin de tratar sobre problem\u00e1ticas socio comunitarios y realizar acuerdos de acciones &#8230; <a title=\"DESTACADOS\" class=\"read-more\" href=\"https:\/\/ens9005-infd.mendoza.edu.ar\/sitio\/destacados\/\" aria-label=\"More on DESTACADOS\">[+]<\/a><\/p>\n","protected":false},"author":163,"featured_media":0,"parent":0,"menu_order":0,"comment_status":"closed","ping_status":"closed","template":"","meta":[],"acf":[],"_links":{"self":[{"href":"https:\/\/ens9005-infd.mendoza.edu.ar\/sitio\/wp-json\/wp\/v2\/pages\/1642"}],"collection":[{"href":"https:\/\/ens9005-infd.mendoza.edu.ar\/sitio\/wp-json\/wp\/v2\/pages"}],"about":[{"href":"https:\/\/ens9005-infd.mendoza.edu.ar\/sitio\/wp-json\/wp\/v2\/types\/page"}],"author":[{"embeddable":true,"href":"https:\/\/ens9005-infd.mendoza.edu.ar\/sitio\/wp-json\/wp\/v2\/users\/163"}],"replies":[{"embeddable":true,"href":"https:\/\/ens9005-infd.mendoza.edu.ar\/sitio\/wp-json\/wp\/v2\/comments?post=1642"}],"version-history":[{"count":5,"href":"https:\/\/ens9005-infd.mendoza.edu.ar\/sitio\/wp-json\/wp\/v2\/pages\/1642\/revisions"}],"predecessor-version":[{"id":2053,"href":"https:\/\/ens9005-infd.mendoza.edu.ar\/sitio\/wp-json\/wp\/v2\/pages\/1642\/revisions\/2053"}],"wp:attachment":[{"href":"https:\/\/ens9005-infd.mendoza.edu.ar\/sitio\/wp-json\/wp\/v2\/media?parent=1642"}],"curies":[{"name":"wp","href":"https:\/\/api.w.org\/{rel}","templated":true}]}}

<p>05/2025- Mesa socioeducativa: en las instalaciones del IES 9005 Fidela Amparan el día viernes 16 de mayo se llevó a cabo la mesa socioeducativa con referentes de la comunidad paceña, directivos, estudiantes y profesores de las carreras de PEE y PEP con el fin de tratar sobre problemáticas socio comunitarios y realizar acuerdos de acciones de mejora en conjunto dentro del marco de AySS.<br>Se acordó conformar entornos de trabajo enriquecedores, para la elaboración de propuestas, charlas, talleres, encuentros de retroalimentación, favoreciendo la educación inclusiva, participación activa de los estudiantes y el acompañamiento de los profesores del IES 9-005.<br>Estuvieron presentes, el Dr. Veterinario Néstor Gimenez presidente y la Doctora Sosa vicepresidenta del centro de Equinoterapia «Brillarán sus huellas».Aixa Moreno Directora de Desarrollo Social,Cinthia Ochoa Directora del Hogar adultos mayores y Pamela Silva Directora de CER. El Director de Educación de la Municipalidad de La Paz Prof. Joselo Giménez, la Directora de Desarrollo Social Sra. Aixa Moreno.</p>



<ul class="wp-block-social-links is-layout-flex"><li class="wp-social-link wp-social-link-instagram wp-block-social-link"><a href="https://www.instagram.com/p/DJxKQ0YxqKB/?img_index=2&#038;igsh=YWZjMGpxNHZibnA1" class="wp-block-social-link-anchor"><svg width="24" height="24" viewBox="0 0 24 24" version="1.1" xmlns="http://www.w3.org/2000/svg" aria-hidden="true" focusable="false"><path d="M12,4.622c2.403,0,2.688,0.009,3.637,0.052c0.877,0.04,1.354,0.187,1.671,0.31c0.42,0.163,0.72,0.358,1.035,0.673 c0.315,0.315,0.51,0.615,0.673,1.035c0.123,0.317,0.27,0.794,0.31,1.671c0.043,0.949,0.052,1.234,0.052,3.637 s-0.009,2.688-0.052,3.637c-0.04,0.877-0.187,1.354-0.31,1.671c-0.163,0.42-0.358,0.72-0.673,1.035 c-0.315,0.315-0.615,0.51-1.035,0.673c-0.317,0.123-0.794,0.27-1.671,0.31c-0.949,0.043-1.233,0.052-3.637,0.052 s-2.688-0.009-3.637-0.052c-0.877-0.04-1.354-0.187-1.671-0.31c-0.42-0.163-0.72-0.358-1.035-0.673 c-0.315-0.315-0.51-0.615-0.673-1.035c-0.123-0.317-0.27-0.794-0.31-1.671C4.631,14.688,4.622,14.403,4.622,12 s0.009-2.688,0.052-3.637c0.04-0.877,0.187-1.354,0.31-1.671c0.163-0.42,0.358-0.72,0.673-1.035 c0.315-0.315,0.615-0.51,1.035-0.673c0.317-0.123,0.794-0.27,1.671-0.31C9.312,4.631,9.597,4.622,12,4.622 M12,3 C9.556,3,9.249,3.01,8.289,3.054C7.331,3.098,6.677,3.25,6.105,3.472C5.513,3.702,5.011,4.01,4.511,4.511 c-0.5,0.5-0.808,1.002-1.038,1.594C3.25,6.677,3.098,7.331,3.054,8.289C3.01,9.249,3,9.556,3,12c0,2.444,0.01,2.751,0.054,3.711 c0.044,0.958,0.196,1.612,0.418,2.185c0.23,0.592,0.538,1.094,1.038,1.594c0.5,0.5,1.002,0.808,1.594,1.038 c0.572,0.222,1.227,0.375,2.185,0.418C9.249,20.99,9.556,21,12,21s2.751-0.01,3.711-0.054c0.958-0.044,1.612-0.196,2.185-0.418 c0.592-0.23,1.094-0.538,1.594-1.038c0.5-0.5,0.808-1.002,1.038-1.594c0.222-0.572,0.375-1.227,0.418-2.185 C20.99,14.751,21,14.444,21,12s-0.01-2.751-0.054-3.711c-0.044-0.958-0.196-1.612-0.418-2.185c-0.23-0.592-0.538-1.094-1.038-1.594 c-0.5-0.5-1.002-0.808-1.594-1.038c-0.572-0.222-1.227-0.375-2.185-0.418C14.751,3.01,14.444,3,12,3L12,3z M12,7.378 c-2.552,0-4.622,2.069-4.622,4.622S9.448,16.622,12,16.622s4.622-2.069,4.622-4.622S14.552,7.378,12,7.378z M12,15 c-1.657,0-3-1.343-3-3s1.343-3,3-3s3,1.343,3,3S13.657,15,12,15z M16.804,6.116c-0.596,0-1.08,0.484-1.08,1.08 s0.484,1.08,1.08,1.08c0.596,0,1.08-0.484,1.08-1.08S17.401,6.116,16.804,6.116z"></path></svg><span class="wp-block-social-link-label screen-reader-text">Instagram</span></a></li></ul>



<figure class="wp-block-image size-full"><img decoding="async" loading="lazy" width="1080" height="784" src="https://ens9005-infd.mendoza.edu.ar/sitio/wp-content/uploads/2025/05/Screenshot_20250517-202520.png" alt="" class="wp-image-2051" srcset="https://ens9005-infd.mendoza.edu.ar/sitio/wp-content/uploads/2025/05/Screenshot_20250517-202520.png 1080w, https://ens9005-infd.mendoza.edu.ar/sitio/wp-content/uploads/2025/05/Screenshot_20250517-202520-1000x726.png 1000w, https://ens9005-infd.mendoza.edu.ar/sitio/wp-content/uploads/2025/05/Screenshot_20250517-202520-768x558.png 768w" sizes="(max-width: 1080px) 100vw, 1080px" /></figure>



<p>_____________________________</p>



<p></p>



<p></p>



<p>2021 &#8211; El IES 9-005 Fidela Amparán articuló durante el año 2021 con el IES 9-027 de Guaymallén&nbsp; y la Fundación Pulso Educativo para realizar el ciclo de conversatorios “Resignificar las prácticas docentes en los contextos actuales” destinado a estudiantes de educación superior, docentes, supervisores, etc.Los mismos tuvieron como invitadas para la apertura a la profesora María Inés Abrile de Wolmer y para el cierre a la Mag. Silvana Corso, entre otras especialistas.Compartimos el último conversatorio que se realizó en diciembre con la temática: La planificación Didáctica desde el Diseño Universal de Aprendizajes.</p>



<figure class="wp-block-embed is-type-video is-provider-youtube wp-block-embed-youtube wp-embed-aspect-16-9 wp-has-aspect-ratio"><div class="wp-block-embed__wrapper">
<iframe loading="lazy" title="La planificación didáctica desde el Diseño Universal de Aprendizajes." width="1200" height="675" src="https://www.youtube.com/embed/09enT8mr6GU?feature=oembed" frameborder="0" allow="accelerometer; autoplay; clipboard-write; encrypted-media; gyroscope; picture-in-picture; web-share" referrerpolicy="strict-origin-when-cross-origin" allowfullscreen></iframe>
</div></figure>



<p></p>



<p></p>

<p>05/2025- Mesa socioeducativa: en las instalaciones del IES 9005 Fidela Amparan el día viernes 16 de mayo se llevó a cabo la mesa socioeducativa con referentes de la comunidad paceña, directivos, estudiantes y profesores de las carreras de PEE y PEP con el fin de tratar sobre problemáticas socio comunitarios y realizar acuerdos de acciones &#8230; <a title="DESTACADOS" class="read-more" href="https://ens9005-infd.mendoza.edu.ar/sitio/destacados/" aria-label="More on DESTACADOS">[+]</a></p>
